{"id":12320,"date":"2026-04-27T14:34:34","date_gmt":"2026-04-27T17:34:34","guid":{"rendered":"https:\/\/jaimesantos.com.br\/?page_id=12320"},"modified":"2026-04-27T19:42:45","modified_gmt":"2026-04-27T22:42:45","slug":"power-trio","status":"publish","type":"page","link":"https:\/\/jaimesantos.com.br\/en\/power-trio\/","title":{"rendered":"Power Trio"},"content":{"rendered":"<div data-elementor-type=\"wp-page\" data-elementor-id=\"12320\" class=\"elementor elementor-12320\" data-elementor-post-type=\"page\">\n\t\t\t\t\t\t<section class=\"elementor-section elementor-top-section elementor-element elementor-element-fc84338 elementor-section-boxed elementor-section-height-default elementor-section-height-default\" data-id=\"fc84338\" data-element_type=\"section\" data-e-type=\"section\">\n\t\t\t\t\t\t<div class=\"elementor-container elementor-column-gap-default\">\n\t\t\t\t\t<div class=\"elementor-column elementor-col-100 elementor-top-column elementor-element elementor-element-bede0f9\" data-id=\"bede0f9\" data-element_type=\"column\" data-e-type=\"column\">\n\t\t\t<div class=\"elementor-widget-wrap elementor-element-populated\">\n\t\t\t\t\t\t<div class=\"elementor-element elementor-element-5893040 elementor-widget elementor-widget-image\" data-id=\"5893040\" data-element_type=\"widget\" data-e-type=\"widget\" data-widget_type=\"image.default\">\n\t\t\t\t<div class=\"elementor-widget-container\">\n\t\t\t\t\t\t\t\t\t\t\t\t\t\t\t<img fetchpriority=\"high\" decoding=\"async\" width=\"900\" height=\"608\" src=\"https:\/\/jaimesantos.com.br\/wp-content\/uploads\/2026\/04\/jaime-e-os-negronis-1024x692.jpg\" class=\"attachment-large size-large wp-image-12322\" alt=\"\" srcset=\"https:\/\/jaimesantos.com.br\/wp-content\/uploads\/2026\/04\/jaime-e-os-negronis-1024x692.jpg 1024w, https:\/\/jaimesantos.com.br\/wp-content\/uploads\/2026\/04\/jaime-e-os-negronis-500x338.jpg 500w, https:\/\/jaimesantos.com.br\/wp-content\/uploads\/2026\/04\/jaime-e-os-negronis-768x519.jpg 768w, https:\/\/jaimesantos.com.br\/wp-content\/uploads\/2026\/04\/jaime-e-os-negronis-1536x1038.jpg 1536w, https:\/\/jaimesantos.com.br\/wp-content\/uploads\/2026\/04\/jaime-e-os-negronis-18x12.jpg 18w, https:\/\/jaimesantos.com.br\/wp-content\/uploads\/2026\/04\/jaime-e-os-negronis-600x406.jpg 600w, https:\/\/jaimesantos.com.br\/wp-content\/uploads\/2026\/04\/jaime-e-os-negronis.jpg 1830w\" sizes=\"(max-width: 900px) 100vw, 900px\" \/>\t\t\t\t\t\t\t\t\t\t\t\t\t\t\t<\/div>\n\t\t\t\t<\/div>\n\t\t\t\t\t<\/div>\n\t\t<\/div>\n\t\t\t\t\t<\/div>\n\t\t<\/section>\n\t\t\t\t<section class=\"elementor-section elementor-top-section elementor-element elementor-element-585ec17 elementor-section-boxed elementor-section-height-default elementor-section-height-default\" data-id=\"585ec17\" data-element_type=\"section\" data-e-type=\"section\">\n\t\t\t\t\t\t<div class=\"elementor-container elementor-column-gap-default\">\n\t\t\t\t\t<div class=\"elementor-column elementor-col-100 elementor-top-column elementor-element elementor-element-484765e\" data-id=\"484765e\" data-element_type=\"column\" data-e-type=\"column\">\n\t\t\t<div class=\"elementor-widget-wrap elementor-element-populated\">\n\t\t\t\t\t\t<div class=\"elementor-element elementor-element-559262f elementor-widget elementor-widget-heading\" data-id=\"559262f\" data-element_type=\"widget\" data-e-type=\"widget\" data-widget_type=\"heading.default\">\n\t\t\t\t<div class=\"elementor-widget-container\">\n\t\t\t\t\t<h2 class=\"elementor-heading-title elementor-size-default\">Power Trio Jaime Santos &amp; Os Negronis<\/h2>\t\t\t\t<\/div>\n\t\t\t\t<\/div>\n\t\t\t\t\t<\/div>\n\t\t<\/div>\n\t\t\t\t\t<\/div>\n\t\t<\/section>\n\t\t\t\t<section class=\"elementor-section elementor-top-section elementor-element elementor-element-f879679 elementor-section-boxed elementor-section-height-default elementor-section-height-default\" data-id=\"f879679\" data-element_type=\"section\" data-e-type=\"section\">\n\t\t\t\t\t\t<div class=\"elementor-container elementor-column-gap-default\">\n\t\t\t\t\t<div class=\"elementor-column elementor-col-100 elementor-top-column elementor-element elementor-element-b14ec74\" data-id=\"b14ec74\" data-element_type=\"column\" data-e-type=\"column\">\n\t\t\t<div class=\"elementor-widget-wrap\">\n\t\t\t\t\t\t\t<\/div>\n\t\t<\/div>\n\t\t\t\t\t<\/div>\n\t\t<\/section>\n\t\t\t\t<section class=\"elementor-section elementor-top-section elementor-element elementor-element-4d53f48 elementor-section-boxed elementor-section-height-default elementor-section-height-default\" data-id=\"4d53f48\" data-element_type=\"section\" data-e-type=\"section\">\n\t\t\t\t\t\t<div class=\"elementor-container elementor-column-gap-default\">\n\t\t\t\t\t<div class=\"elementor-column elementor-col-100 elementor-top-column elementor-element elementor-element-4a3272d\" data-id=\"4a3272d\" data-element_type=\"column\" data-e-type=\"column\">\n\t\t\t<div class=\"elementor-widget-wrap elementor-element-populated\">\n\t\t\t\t\t\t<div class=\"elementor-element elementor-element-13f5f81 elementor-widget elementor-widget-text-editor\" data-id=\"13f5f81\" data-element_type=\"widget\" data-e-type=\"widget\" data-widget_type=\"text-editor.default\">\n\t\t\t\t<div class=\"elementor-widget-container\">\n\t\t\t\t\t\t\t\t\t<p>Mais do que um projeto musical, <b>NEGRONIS <\/b>\u00e9 uma experi\u00eancia sensorial. Cada can\u00e7\u00e3o \u00e9 como um gole: tem o amargor da saudade, o frescor da esperan\u00e7a e o calor das noites regadas a m\u00fasica boa. No palco ou no est\u00fadio, o trio convida o p\u00fablico a brindar com eles o melhor da m\u00fasica brasileira \u2013 com autenticidade, sensibilidade e muito swing.<\/p><p align=\"center\"><b>Release<\/b><\/p><p align=\"justify\">Nascido da mistura precisa entre talento, identidade e brasilidade, o trio <b>Negronis <\/b>traz a cena contempor\u00e2nea uma sonoridade que transita com fluidez entre os sabores marcantes da M\u00fasica Popular Brasileira. Formado por voz e viol\u00e3o, baixo e bateria, o grupo revisita a tradi\u00e7\u00e3o da MPB com um olhar atual e autoral, buscando inspira\u00e7\u00e3o em mestres como Djavan, Caetano Veloso, Gilberto Gil, Luiz Melodia, Milton Nascimento, Chico Buarque e outros.<\/p><p align=\"justify\">Assim como o ic\u00f4nico drink que inspira seu nome, o som dos <b>Negronis <\/b>\u00e9 intenso, sofisticado e equilibrado \u2013 um blend de ritmos, harmonias e poesia. A fus\u00e3o entre a percuss\u00e3o pulsante, o groove do contrabaixo e o viol\u00e3o que conduz a melodia cria uma base s\u00f3lida e elegante para a voz que interpreta o cotidiano, o amor e a alma brasileira.<\/p><p align=\"justify\">As Forma\u00e7\u00f5es:<\/p><ul><li>&#8211; Power Trio: Jaime Santos (voz e viol\u00e3o), Ricardo Isquierdo (contrabaixo) e Filipe Nero (bateria)<\/li><li>&#8211; Quarteto: Jaime Santos (voz e viol\u00e3o), Ricardo Isquierdo (contrabaixo), Filipe Nero (bateria) e Gambona (guitarra solo).<\/li><li>.<\/li><\/ul><p style=\"text-align: center;\"><strong>SHOW BRASILIDADES<\/strong><\/p><p align=\"justify\">Jaime Santos &amp; Os Negronis, trazem o show &#8220;Brasilidades&#8221;. O t\u00edtulo \u00e9 uma s\u00edntese musical da cultura brasileira, passando por diversos compositores como: Gonzaguinha, Djavan, Caetano Veloso, Ivan Lins, Zeca Baleiro, Luiz Melodia, Milton Nascimento entre tantos outros. O show Brasilidades \u00e9 a m\u00fasica brasileira pulsante que tem uma riqueza intr\u00ednseca na poesia, uma palheta sonora diversa e que por isto, \u00e9 mundialmente reconhecida, nas harmonias e nas melodias e esta riqueza ultrapassa os limites territoriais. \u00c9 isto que Jaime Santos &amp; Os Negronis querem trazer aos ambientes por onde passam, seja nas apresenta\u00e7\u00f5es solo ou acompanhado. Quando acompanhado do baterista Filipe Nero, que tem uma pegada na bateria que faz com que a riqueza r\u00edtmica aflore na sensa\u00e7\u00e3o auditiva, fazendo com que a m\u00fasica atinja um outro sabor enriquecedor. E quando a condu\u00e7\u00e3o das linhas de baixo de Ricardo Isquierdo encontra o ritmo de Nero a \u201cCozinha\u201d vibra e a m\u00fasica flui, a\u00ed a MALEMOL\u00caNCIA, e os elementos da m\u00fasica aparecem. Bora conferir?<\/p>\t\t\t\t\t\t\t\t<\/div>\n\t\t\t\t<\/div>\n\t\t\t\t\t<\/div>\n\t\t<\/div>\n\t\t\t\t\t<\/div>\n\t\t<\/section>\n\t\t\t\t<section class=\"elementor-section elementor-top-section elementor-element elementor-element-ab06fe7 elementor-section-boxed elementor-section-height-default elementor-section-height-default\" data-id=\"ab06fe7\" data-element_type=\"section\" data-e-type=\"section\">\n\t\t\t\t\t\t<div class=\"elementor-container elementor-column-gap-default\">\n\t\t\t\t\t<div class=\"elementor-column elementor-col-100 elementor-top-column elementor-element elementor-element-9be6a12\" data-id=\"9be6a12\" data-element_type=\"column\" data-e-type=\"column\">\n\t\t\t<div class=\"elementor-widget-wrap elementor-element-populated\">\n\t\t\t\t\t\t<div class=\"elementor-element elementor-element-2460808 elementor-widget elementor-widget-image\" data-id=\"2460808\" data-element_type=\"widget\" data-e-type=\"widget\" data-widget_type=\"image.default\">\n\t\t\t\t<div class=\"elementor-widget-container\">\n\t\t\t\t\t\t\t\t\t\t\t\t\t\t\t<img decoding=\"async\" width=\"900\" height=\"599\" src=\"https:\/\/jaimesantos.com.br\/wp-content\/uploads\/2026\/04\/WhatsApp-Image-2026-04-23-at-18.43.14-2-1024x682.jpeg\" class=\"attachment-large size-large wp-image-12280\" alt=\"\" srcset=\"https:\/\/jaimesantos.com.br\/wp-content\/uploads\/2026\/04\/WhatsApp-Image-2026-04-23-at-18.43.14-2-1024x682.jpeg 1024w, https:\/\/jaimesantos.com.br\/wp-content\/uploads\/2026\/04\/WhatsApp-Image-2026-04-23-at-18.43.14-2-500x333.jpeg 500w, https:\/\/jaimesantos.com.br\/wp-content\/uploads\/2026\/04\/WhatsApp-Image-2026-04-23-at-18.43.14-2-768x511.jpeg 768w, https:\/\/jaimesantos.com.br\/wp-content\/uploads\/2026\/04\/WhatsApp-Image-2026-04-23-at-18.43.14-2-18x12.jpeg 18w, https:\/\/jaimesantos.com.br\/wp-content\/uploads\/2026\/04\/WhatsApp-Image-2026-04-23-at-18.43.14-2-600x399.jpeg 600w, https:\/\/jaimesantos.com.br\/wp-content\/uploads\/2026\/04\/WhatsApp-Image-2026-04-23-at-18.43.14-2.jpeg 1080w\" sizes=\"(max-width: 900px) 100vw, 900px\" \/>\t\t\t\t\t\t\t\t\t\t\t\t\t\t\t<\/div>\n\t\t\t\t<\/div>\n\t\t\t\t<div class=\"elementor-element elementor-element-dc47376 elementor-widget elementor-widget-heading\" data-id=\"dc47376\" data-element_type=\"widget\" data-e-type=\"widget\" data-widget_type=\"heading.default\">\n\t\t\t\t<div class=\"elementor-widget-container\">\n\t\t\t\t\t<h1 class=\"elementor-heading-title elementor-size-default\">Quarteto Jaime Santos &amp; Os Negronis \n<\/h1>\t\t\t\t<\/div>\n\t\t\t\t<\/div>\n\t\t\t\t\t<\/div>\n\t\t<\/div>\n\t\t\t\t\t<\/div>\n\t\t<\/section>\n\t\t\t\t<section class=\"elementor-section elementor-top-section elementor-element elementor-element-3c6615b elementor-section-boxed elementor-section-height-default elementor-section-height-default\" data-id=\"3c6615b\" data-element_type=\"section\" data-e-type=\"section\">\n\t\t\t\t\t\t<div class=\"elementor-container elementor-column-gap-default\">\n\t\t\t\t\t<div class=\"elementor-column elementor-col-100 elementor-top-column elementor-element elementor-element-2b15ed4\" data-id=\"2b15ed4\" data-element_type=\"column\" data-e-type=\"column\">\n\t\t\t<div class=\"elementor-widget-wrap elementor-element-populated\">\n\t\t\t\t\t\t<div class=\"elementor-element elementor-element-d0a3871 elementor-widget elementor-widget-text-editor\" data-id=\"d0a3871\" data-element_type=\"widget\" data-e-type=\"widget\" data-widget_type=\"text-editor.default\">\n\t\t\t\t<div class=\"elementor-widget-container\">\n\t\t\t\t\t\t\t\t\t<p>Este Quarteto \u00e9 formado para executar o &#8220;Especial Djavan&#8221;<\/p><p>Quarteto: Jaime Santos (voz e viol\u00e3o), Ricardo Isquierdo (contrabaixo), Filipe Nero (bateria) e Gambona (guitarra solo)..<\/p>\t\t\t\t\t\t\t\t<\/div>\n\t\t\t\t<\/div>\n\t\t\t\t\t<\/div>\n\t\t<\/div>\n\t\t\t\t\t<\/div>\n\t\t<\/section>\n\t\t\t\t<\/div>","protected":false},"excerpt":{"rendered":"<p>Power Trio Jaime Santos &amp; Os Negronis Mais do que um projeto musical, NEGRONIS \u00e9 uma experi\u00eancia sensorial. Cada can\u00e7\u00e3o \u00e9 como um gole: tem o amargor da saudade, o frescor da esperan\u00e7a e o calor das noites regadas a&#8230;<\/p>","protected":false},"author":1,"featured_media":0,"parent":0,"menu_order":0,"comment_status":"closed","ping_status":"closed","template":"","meta":{"footnotes":""},"class_list":["post-12320","page","type-page","status-publish","hentry"],"_links":{"self":[{"href":"https:\/\/jaimesantos.com.br\/en\/wp-json\/wp\/v2\/pages\/12320","targetHints":{"allow":["GET"]}}],"collection":[{"href":"https:\/\/jaimesantos.com.br\/en\/wp-json\/wp\/v2\/pages"}],"about":[{"href":"https:\/\/jaimesantos.com.br\/en\/wp-json\/wp\/v2\/types\/page"}],"author":[{"embeddable":true,"href":"https:\/\/jaimesantos.com.br\/en\/wp-json\/wp\/v2\/users\/1"}],"replies":[{"embeddable":true,"href":"https:\/\/jaimesantos.com.br\/en\/wp-json\/wp\/v2\/comments?post=12320"}],"version-history":[{"count":9,"href":"https:\/\/jaimesantos.com.br\/en\/wp-json\/wp\/v2\/pages\/12320\/revisions"}],"predecessor-version":[{"id":12338,"href":"https:\/\/jaimesantos.com.br\/en\/wp-json\/wp\/v2\/pages\/12320\/revisions\/12338"}],"wp:attachment":[{"href":"https:\/\/jaimesantos.com.br\/en\/wp-json\/wp\/v2\/media?parent=12320"}],"curies":[{"name":"wp","href":"https:\/\/api.w.org\/{rel}","templated":true}]}}

<div data-elementor-type="wp-page" data-elementor-id="12320" class="elementor elementor-12320" data-elementor-post-type="page">
						<section class="elementor-section elementor-top-section elementor-element elementor-element-fc84338 elementor-section-boxed elementor-section-height-default elementor-section-height-default" data-id="fc84338" data-element_type="section" data-e-type="section">
						<div class="elementor-container elementor-column-gap-default">
					<div class="elementor-column elementor-col-100 elementor-top-column elementor-element elementor-element-bede0f9" data-id="bede0f9" data-element_type="column" data-e-type="column">
			<div class="elementor-widget-wrap elementor-element-populated">
						<div class="elementor-element elementor-element-5893040 elementor-widget elementor-widget-image" data-id="5893040" data-element_type="widget" data-e-type="widget" data-widget_type="image.default">
				<div class="elementor-widget-container">
															<img fetchpriority="high" decoding="async" width="900" height="608" src="https://jaimesantos.com.br/wp-content/uploads/2026/04/jaime-e-os-negronis-1024x692.jpg" class="attachment-large size-large wp-image-12322" alt="" srcset="https://jaimesantos.com.br/wp-content/uploads/2026/04/jaime-e-os-negronis-1024x692.jpg 1024w, https://jaimesantos.com.br/wp-content/uploads/2026/04/jaime-e-os-negronis-500x338.jpg 500w, https://jaimesantos.com.br/wp-content/uploads/2026/04/jaime-e-os-negronis-768x519.jpg 768w, https://jaimesantos.com.br/wp-content/uploads/2026/04/jaime-e-os-negronis-1536x1038.jpg 1536w, https://jaimesantos.com.br/wp-content/uploads/2026/04/jaime-e-os-negronis-18x12.jpg 18w, https://jaimesantos.com.br/wp-content/uploads/2026/04/jaime-e-os-negronis-600x406.jpg 600w, https://jaimesantos.com.br/wp-content/uploads/2026/04/jaime-e-os-negronis.jpg 1830w" sizes="(max-width: 900px) 100vw, 900px" />															</div>
				</div>
					</div>
		</div>
					</div>
		</section>
				<section class="elementor-section elementor-top-section elementor-element elementor-element-585ec17 elementor-section-boxed elementor-section-height-default elementor-section-height-default" data-id="585ec17" data-element_type="section" data-e-type="section">
						<div class="elementor-container elementor-column-gap-default">
					<div class="elementor-column elementor-col-100 elementor-top-column elementor-element elementor-element-484765e" data-id="484765e" data-element_type="column" data-e-type="column">
			<div class="elementor-widget-wrap elementor-element-populated">
						<div class="elementor-element elementor-element-559262f elementor-widget elementor-widget-heading" data-id="559262f" data-element_type="widget" data-e-type="widget" data-widget_type="heading.default">
				<div class="elementor-widget-container">
					<h2 class="elementor-heading-title elementor-size-default">Power Trio Jaime Santos &amp; Os Negronis</h2>				</div>
				</div>
					</div>
		</div>
					</div>
		</section>
				<section class="elementor-section elementor-top-section elementor-element elementor-element-f879679 elementor-section-boxed elementor-section-height-default elementor-section-height-default" data-id="f879679" data-element_type="section" data-e-type="section">
						<div class="elementor-container elementor-column-gap-default">
					<div class="elementor-column elementor-col-100 elementor-top-column elementor-element elementor-element-b14ec74" data-id="b14ec74" data-element_type="column" data-e-type="column">
			<div class="elementor-widget-wrap">
							</div>
		</div>
					</div>
		</section>
				<section class="elementor-section elementor-top-section elementor-element elementor-element-4d53f48 elementor-section-boxed elementor-section-height-default elementor-section-height-default" data-id="4d53f48" data-element_type="section" data-e-type="section">
						<div class="elementor-container elementor-column-gap-default">
					<div class="elementor-column elementor-col-100 elementor-top-column elementor-element elementor-element-4a3272d" data-id="4a3272d" data-element_type="column" data-e-type="column">
			<div class="elementor-widget-wrap elementor-element-populated">
						<div class="elementor-element elementor-element-13f5f81 elementor-widget elementor-widget-text-editor" data-id="13f5f81" data-element_type="widget" data-e-type="widget" data-widget_type="text-editor.default">
				<div class="elementor-widget-container">
									<p>Mais do que um projeto musical, <b>NEGRONIS </b>é uma experiência sensorial. Cada canção é como um gole: tem o amargor da saudade, o frescor da esperança e o calor das noites regadas a música boa. No palco ou no estúdio, o trio convida o público a brindar com eles o melhor da música brasileira – com autenticidade, sensibilidade e muito swing.</p><p align="center"><b>Release</b></p><p align="justify">Nascido da mistura precisa entre talento, identidade e brasilidade, o trio <b>Negronis </b>traz a cena contemporânea uma sonoridade que transita com fluidez entre os sabores marcantes da Música Popular Brasileira. Formado por voz e violão, baixo e bateria, o grupo revisita a tradição da MPB com um olhar atual e autoral, buscando inspiração em mestres como Djavan, Caetano Veloso, Gilberto Gil, Luiz Melodia, Milton Nascimento, Chico Buarque e outros.</p><p align="justify">Assim como o icônico drink que inspira seu nome, o som dos <b>Negronis </b>é intenso, sofisticado e equilibrado – um blend de ritmos, harmonias e poesia. A fusão entre a percussão pulsante, o groove do contrabaixo e o violão que conduz a melodia cria uma base sólida e elegante para a voz que interpreta o cotidiano, o amor e a alma brasileira.</p><p align="justify">As Formações:</p><ul><li>&#8211; Power Trio: Jaime Santos (voz e violão), Ricardo Isquierdo (contrabaixo) e Filipe Nero (bateria)</li><li>&#8211; Quarteto: Jaime Santos (voz e violão), Ricardo Isquierdo (contrabaixo), Filipe Nero (bateria) e Gambona (guitarra solo).</li><li>.</li></ul><p style="text-align: center;"><strong>SHOW BRASILIDADES</strong></p><p align="justify">Jaime Santos &amp; Os Negronis, trazem o show &#8220;Brasilidades&#8221;. O título é uma síntese musical da cultura brasileira, passando por diversos compositores como: Gonzaguinha, Djavan, Caetano Veloso, Ivan Lins, Zeca Baleiro, Luiz Melodia, Milton Nascimento entre tantos outros. O show Brasilidades é a música brasileira pulsante que tem uma riqueza intrínseca na poesia, uma palheta sonora diversa e que por isto, é mundialmente reconhecida, nas harmonias e nas melodias e esta riqueza ultrapassa os limites territoriais. É isto que Jaime Santos &amp; Os Negronis querem trazer aos ambientes por onde passam, seja nas apresentações solo ou acompanhado. Quando acompanhado do baterista Filipe Nero, que tem uma pegada na bateria que faz com que a riqueza rítmica aflore na sensação auditiva, fazendo com que a música atinja um outro sabor enriquecedor. E quando a condução das linhas de baixo de Ricardo Isquierdo encontra o ritmo de Nero a “Cozinha” vibra e a música flui, aí a MALEMOLÊNCIA, e os elementos da música aparecem. Bora conferir?</p>								</div>
				</div>
					</div>
		</div>
					</div>
		</section>
				<section class="elementor-section elementor-top-section elementor-element elementor-element-ab06fe7 elementor-section-boxed elementor-section-height-default elementor-section-height-default" data-id="ab06fe7" data-element_type="section" data-e-type="section">
						<div class="elementor-container elementor-column-gap-default">
					<div class="elementor-column elementor-col-100 elementor-top-column elementor-element elementor-element-9be6a12" data-id="9be6a12" data-element_type="column" data-e-type="column">
			<div class="elementor-widget-wrap elementor-element-populated">
						<div class="elementor-element elementor-element-2460808 elementor-widget elementor-widget-image" data-id="2460808" data-element_type="widget" data-e-type="widget" data-widget_type="image.default">
				<div class="elementor-widget-container">
															<img decoding="async" width="900" height="599" src="https://jaimesantos.com.br/wp-content/uploads/2026/04/WhatsApp-Image-2026-04-23-at-18.43.14-2-1024x682.jpeg" class="attachment-large size-large wp-image-12280" alt="" srcset="https://jaimesantos.com.br/wp-content/uploads/2026/04/WhatsApp-Image-2026-04-23-at-18.43.14-2-1024x682.jpeg 1024w, https://jaimesantos.com.br/wp-content/uploads/2026/04/WhatsApp-Image-2026-04-23-at-18.43.14-2-500x333.jpeg 500w, https://jaimesantos.com.br/wp-content/uploads/2026/04/WhatsApp-Image-2026-04-23-at-18.43.14-2-768x511.jpeg 768w, https://jaimesantos.com.br/wp-content/uploads/2026/04/WhatsApp-Image-2026-04-23-at-18.43.14-2-18x12.jpeg 18w, https://jaimesantos.com.br/wp-content/uploads/2026/04/WhatsApp-Image-2026-04-23-at-18.43.14-2-600x399.jpeg 600w, https://jaimesantos.com.br/wp-content/uploads/2026/04/WhatsApp-Image-2026-04-23-at-18.43.14-2.jpeg 1080w" sizes="(max-width: 900px) 100vw, 900px" />															</div>
				</div>
				<div class="elementor-element elementor-element-dc47376 elementor-widget elementor-widget-heading" data-id="dc47376" data-element_type="widget" data-e-type="widget" data-widget_type="heading.default">
				<div class="elementor-widget-container">
					<h1 class="elementor-heading-title elementor-size-default">Quarteto Jaime Santos &amp; Os Negronis 
</h1>				</div>
				</div>
					</div>
		</div>
					</div>
		</section>
				<section class="elementor-section elementor-top-section elementor-element elementor-element-3c6615b elementor-section-boxed elementor-section-height-default elementor-section-height-default" data-id="3c6615b" data-element_type="section" data-e-type="section">
						<div class="elementor-container elementor-column-gap-default">
					<div class="elementor-column elementor-col-100 elementor-top-column elementor-element elementor-element-2b15ed4" data-id="2b15ed4" data-element_type="column" data-e-type="column">
			<div class="elementor-widget-wrap elementor-element-populated">
						<div class="elementor-element elementor-element-d0a3871 elementor-widget elementor-widget-text-editor" data-id="d0a3871" data-element_type="widget" data-e-type="widget" data-widget_type="text-editor.default">
				<div class="elementor-widget-container">
									<p>Este Quarteto é formado para executar o &#8220;Especial Djavan&#8221;</p><p>Quarteto: Jaime Santos (voz e violão), Ricardo Isquierdo (contrabaixo), Filipe Nero (bateria) e Gambona (guitarra solo)..</p>								</div>
				</div>
					</div>
		</div>
					</div>
		</section>
				</div>

<p>Power Trio Jaime Santos &amp; Os Negronis Mais do que um projeto musical, NEGRONIS é uma experiência sensorial. Cada canção é como um gole: tem o amargor da saudade, o frescor da esperança e o calor das noites regadas a&#8230;</p>
